 - ((-122 - 10) + 259).
11
Calculate (68 - -44) + -110 - (1 - 74).
75
What is (1 + -6 - (107 + -115)) + -36?
-33
What is -29 - -27 - -33 - 9 - 101?
-79
Calculate -1955 + 1938 - (0 - -23 - -2).
-42
What is 1 + -3 + (-228 - -203 - (1 - -9))?
-37
Evaluate (56 - 7 - 96) + (3 - -13).
-31
(-15 - -27) + -33 + -5 + 32
6
What is (-210 + 81 - -135) + (0 - 0) + (-3 - 23)?
-20
What is 13 + 0 + (9 - 22) + 19?
19
1 - 2 - 20 - (-115 - -175 - 155)
74
Calculate 1 + 2 + (-75 - ((-27 + 14 - 7) + 10)).
-62
(2 - 2) + 7 + 7 + 74 + -146
-58
Calculate (-4 - -19) + 17 - 63 - -105.
74
What is the value of 34 + -30 + 39 + (-4 + 5 - 11)?
33
What is the value of -15 + (8 - (-7 - -24)) - (16 + -9)?
-31
58 - (24 + (-28 - -6) + 11 + -1)
46
Calculate -12 - (-19 - -9) - 7 - (-4 + -12).
7
Calculate (-90 - (-187 + 59)) + 3 + -32.
9
What is -26 + (3 - 1 - 15) + 13 + 5?
-21
What is the value of (48 - 71) + (-9 - (-5 - (6 + 10)))?
-11
Evaluate 7 - ((45 - (-17 - -12)) + 10) - -1.
-52
What is 29 + -9 - 14 - -34?
40
Evaluate -58 + 1 + (4550 - 4529).
-36
What is the value of 7 + (19 + -8 - -82) + 11 + -4 + 4?
111
What is 59 + 16 + -57 + 6?
24
Evaluate (14 - (52 - 4) - -27) + (38 - -1).
32
What is the value of (37 - -1) + (45 - 25 - 46)?
12
Evaluate (40 - 3) + -13 + (-1 - -1) + (256 - 240).
40
Evaluate 10 + -2 + (-3 + 0 + 2 - (-69 + 57)).
19
What is (-9 - -96) + -38 - 13 - 52?
-16
74 + 29 + 23 + (-26 + 4 - -1)
105
What is (9 - (36 + -21 + -95)) + -1 + 2 + -13?
77
What is the value of 3 - 2 - (43 - ((21 - 2) + -9))?
-32
What is -12 + 12 + 7 + 2 - (-25 - -1)?
33
Evaluate 2 + 4 + -3 + -91 - (1812 - 1821).
-79
Calculate 370 + -345 - (2 + -17).
40
(-827 - -806) + -8 + 4 + 64
39
Evaluate -21 + -59 - ((5 - 11 - -7) + 1 + 0).
-82
What is 1 + (7 - 39) + (3 - 7 - 1)?
-36
What is the value of -153 - (-259 + 142) - (-13 - 1)?
-22
What is (4 - (9 - -2)) + -74 - (-78 - -63)?
-66
What is the value of -32 + (48 - (25 + -57))?
48
What is the value of (2 - -6) + (12 - (-9 - -9 - -11))?
9
-30 + (7 + -2 - (9 - 24 - -25))
-35
What is (0 - -12) + (-3 - (26 + -17 + 5))?
-5
What is 5 - (5 - (-19 + (8 - -13)))?
2
What is the value of 23 + -23 + 7 + (3 - -3)?
13
79 + (40 - 77 - -26)
68
What is the value of -3 + 5 + -116 + 108 + -1 + -5 + 1?
-11
What is -76 - 1 - (-107 - (-92 + -5))?
-67
(10 - (37 - 15) - (0 - 1 - 3)) + -7
-15
What is -198 + 137 + -34 + 20?
-75
(-31 + -9 + 39 - (-1 + 5)) + -1 + 2
-4
Calculate (9 + -25 - 15) + (3 - ((-2 - -7) + -11)).
-22
Calculate (1 - (1 + 1)) + (105 - 3) - (-629 + 644).
86
Calculate -199 - -86 - -40 - (-18 + 1).
-56
What is the value of 31 - (-34 - (-26 - 10) - (3 + -1))?
31
What is the value of -27 + 7 + -1 + (5 - (-14 + 6))?
-8
Calculate -11 + (-10 - 9) + 6 + (-1 - 15).
-40
Evaluate -17 + 1 + 0 - (-491 - -470).
5
Evaluate 64 + -32 + (0 - -9).
41
Evaluate 23 + -13 + -84 + (-6 - (-12 - -5)).
-73
Calculate 7 + -92 + (-34 - -46) + 15 + 0.
-58
What is the value of (19 - (-17 - (17 + -45))) + -18?
-10
Calculate -4 + (-1 + 26 - 26 - (-41 + (-3 - -9))).
30
Calculate 229 + -254 - (-20 - 1) - -61.
57
What is 5 + 36 - (-5 + (-5 - -17) + -11)?
45
What is -1185 + 1251 + -14 + -3 + -5?
44
What is -6 + 4 + -9 + 8 - (-72 + 82)?
-13
What is the value of (-250 - -209 - (1 + -39)) + -90?
-93
Calculate -1 + 2 + (31 - 35) + (1 - (2 - -5)).
-9
Calculate -4 - 0 - (2 - 6) - (204 + -210) - -70.
76
Evaluate (-16 - (5 + -9)) + -429 + 429.
-12
Evaluate (-51 - (58 - 90)) + 44.
25
What is the value of 16 + 82 - 52 - 19?
27
-30 - (-6 + 0) - (-195 - -143)
28
Calculate 97 - (-53 - (-7 - 45)).
98
Calculate (26 - 33 - ((4 - -5) + 37)) + (-7 - 1).
-61
48 - 39 - (13 - -1) - -30
25
What is -8 - (-6 - ((-22 - -14) + 4))?
-6
Evaluate (-35 - (-13 - -6)) + 24 + 4.
0
Calculate (27 - (5 - -4)) + -201 + 212.
29
-16 + (-4 - -11) + -37 + 5
-41
Evaluate 74 + -37 + (12 - 6 - -8).
51
What is the value of (2 - (3 - -102)) + -26 + 28 - (-9 - -4)?
-96
What is 7 + 91 - 119 - 45?
-66
What is the value of (2 + -10 - -104) + (47 - (-17 - -40))?
120
Evaluate (-16 + 2 + 42 - 43) + 30.
15
What is -14 + 13 + 12 + (14 - 23) + (-47 - 1)?
-46
What is (0 - -22) + 232 + -198 + -12?
44
What is the value of 0 + 136 - (10860 + -10805)?
81
Calculate 3 - (976 + -950 - (-81 - 0)).
-104
Evaluate (-10 - -12) + -19 + 18 + 11.
12
What is the value of (0 - 33) + (13130 - 13172)?
-75
What is the value of 253 - 230 - (-75 + -45)?
143
Evaluate 108 - ((146 - 87) + 40).
9
164 - (-6 - (-16 + 36 + -67))
123
Evaluate 11 - (5 + 11 + -71 - (-1 - (5 + 1))).
59
What is the value of (-29 - (-22 + -8)) + 3 + (-5 - -15)?
14
Evaluate (1 - -54 - -52) + -56.
51
What is -14 + (-11 - 3) + (-10 - -1) + 5?
-32
What is the value of 61 - -17 - (-184 + 205)?
57
Evaluate -393 + 383 - (3 - (0 + 4) - (1 - 1)).
-9
(82 + -15 - 38) + -62
-33
Calculate -1 + 28 - (-158 + 173) - 97.
-85
What is (25 - (156 + -7)) + 33?
-91
Evaluate 4 - (6 + -7 - 6) - (-6 - -46).
-29
-4 + 164 + -166 + (-1 - -2) - -11
6
What is the value of (0 - 1) + -10 + (5 - -4) + -6 + -44?
-52
What is 99 + 23 + -81 + 8?
49
Evaluate 63 + (-47 - (-147 + 258)).
-95
Calculate 10 + -4 - (31 - (-11 - -17)).
-19
Evaluate 0 + (-4 - -3) + -3 + (69 - (-35 + 66)).
34
Evaluate -7 + (31 - 105) + 111.
30
What is the value of -9 + (23 - 19 - ((9 - (5 + 4)) + 35))?
-40
Calculate -22 - (-19 + (-22 - (-18 + 25))).
26
What is the value of -32 + 3 + (-15 - -13 - 10) + -11 + 2?
-50
Calculate 18 - (-12 - 47 - -56 - (0 + -1)).
20
Calculate 30 + -49 - -40 - -22.
43
Evaluate (-475 - -481 - (1 - -11)) + 20.
14
What is (21 - (10 - 17)) + (-18 - (15 - 51) - 6)?
40
Calculate -13 - (9 + (-32 - -10)) - (31 + -3).
-28
What is -27 + 21 + 7 + (15 - -5) - -37?
58
-40 - -28 - (10 + -5 + (-1 - 2 - -3))
-17
23 - (-51 + 61) - (1 - -67)
-55
What is -38 - (61 + -2 + -34 - 144)?
81
Calculate -12 + -3 + -1 + -34 + 7.
-43
What is the value of -102 + 2 - (1107 - 1163)?
-44
What is 7 - -3 - -47 - (-30 + 3)?
84
Evaluate -5 + (2 - 1) - ((-76 - -25) + 1).
46
What is the value of -1 - 5 - ((54 - 40) + 5 + 30)?
-55
-23 + 0 + (-16 - (26 + -19 + -7)) + 6
-33
What is 5 + (-46 - -87) + -57 + 9 + -1?
-3
Calculate (0 - 2) + (-2 - -133) + 5 + 68 + -77.
125
What is the value of (-1 - -14) + (-1593 - -1550)?
-30
Calculate ((5 - 5) + -54 - -5) + -11.
-60
16 - -28 - (3 + 0 + 10)
31
What is the value of 3 + 8 + 20 + -5?
26
What is 71 - ((2 - -1 - 20) + -32 + 51)?
69
What is the value of (1 - 105) + (126 - 187) + 77?
-88
Evaluate 18 - (9 - -8 - 2 - -4).
-1
What is (4 - 12) + (-6 - -7 - 0) - 0?
-7
3 - 14 - (13 + -37 + 14 - (-6 - 105))
-112
What is the value of 3 + (2 - 19) - ((-87 - -120) + -47)?
0
What is 281 + -262 + -83 + 0 + (3 - 4)?
-65
What is (-6 - (38 + (-42 - -11))) + (1 - -7)?
-5
What is -43 + (-2 - -3) + (-30 + 58 - 38 - -2)?
-50
Evaluate 63 - (-51 + (23 - -68)).
23
Calculate -137 - (-24 + (-65 - -16)).
-64
What is (2 - 77) + (4804 - 4769)?
-40
-10 - (-46 - -1 - ((16 - (14 + -13)) + -8))
42
-105 + (34 + 41 - 79) + (-9 - -2)
-116
What is (-24 - (-14 - 1) - -9) + -8 + -15?
-23
44 - (640 + -595 + 0 + -19)
18
Calculate 5 - (2 - 13) - (26 + -13 + -15).
18
-52 + 0 - (-4 + 4 - (2 - 23))
-73
Calculate 0 + -3 - (-6 + 3 + 4 + 9 + -19).
6
4 - -36 - (-679 + 736)
-17
What is 3 + -2 + 1 + 8 - (-1 - 4 - -42)?
-27
5 + (-5 - (-5 - -1)) + 34 + -65 - 0
-27
Evaluate -3 - -1 - -7 - (67 - (12 + 26 + 28)).
4
20 + -10 + 0 - 10
0
What is -31 + (-17 - (-20 + 16 - 3))?
-41
What is -1741 + 1799 - (88 + -2)?
-28
What is 47 - (89 + -131 - -63)?
26
What is -4 - (9 - (15 + -45))?
-43
Calculate -153 + (-226 - -455) + (-8 - (3 + -3)).
68
Calculate 1 + 35 - (-5017 - -5040).
13
Evaluate (-144 - (-147 - -146)) + 93.
-50
What is 0 - -56 - (90 - -36 - 135)?
65
Evaluate -1 + 1 + -1 - (15 + -67 + 46 - -34).
-29
What is the value of 46 + (38 - 87) + 43?
40
53 + 21 + 9 + 6 - 37
52
-23 - (-6 - 66) - (61 - 46)
34
Calculate -12 + (-14 - -16) - (220 - 328).
98
(-2504 - -2459) + (-7 - (-3 - (-1 + 0)))
-50
(0 - (-1 - -1)) + (810 + -794 - (54 - 0))
-38
Calculate 7 + (12 - 13) - (-8 - (5 - 2)).
17
-52 + 6 + (3 + -5 + -20 - -10)
-58
What is the value of 14 + (18 + 64 + -6 - (2 + -26))?
114
Calculate 27 + 5 - (-21 - (6 - 1)).
58
What is the value of -1 + -114 + 3423 + -3366?
-58
(-141 - -181 - (-4 + 39)) + 95
100
What is the value of 2 + -23 + -31 + -2 + 64 + -21 - -126?
115
(-23 - -10) + -26 + 10 - (3 + -1 - 0)
-31
